{"id":36579,"date":"2022-07-27T10:48:57","date_gmt":"2022-07-27T08:48:57","guid":{"rendered":"https:\/\/hajimekarate.com\/?post_type=product&#038;p=36579"},"modified":"2026-01-21T10:48:38","modified_gmt":"2026-01-21T09:48:38","slug":"casaco-shureido-new-wave-3-wkf-vermelho-azul","status":"publish","type":"product","link":"https:\/\/hajimekarate.com\/pt-pt\/comprar\/casaco-shureido-new-wave-3-wkf-vermelho-azul\/","title":{"rendered":"Casaco | Shureido New Wave 3 | WKF Approved 2025 &#8211; 2029 | Bordado Ombros Azul\/Vermelho"},"content":{"rendered":"<p>O Karategui Shureido New Wave 3 WKF \u00e9 o fato mais popular nas competi\u00e7\u00f5es de Kata. \u00c9 utilizado pelos Karatecas e equipas do mais alto n\u00edvel no ranking de Kata. Equipas do Jap\u00e3o, Turquia ou Hong Kong n\u00e3o hesitam em competir com este Karategui incompar\u00e1vel. O seu efeito SNAP \u00e9 inigual\u00e1vel e o mesmo acontece com a sua presen\u00e7a. O Karategui real\u00e7a a pot\u00eancia do Karateca e a precis\u00e3o dos seus movimentos com cada som, em cada posi\u00e7\u00e3o. A aba fica \u00e0 altura certa e permanece esticada atr\u00e1s sem cair. As mangas s\u00e3o pr\u00e9-cortadas \u00e0 medida que a WKF indica para as competi\u00e7\u00f5es, ajustadas a um padr\u00e3o por tamanho. O mesmo corte do Karategui est\u00e1 mais ajustado ao corpo do Karateka, mais adaptado.<\/p>\n<h3>Que caracter\u00edsticas especiais tem o tecido do New Wave 3?<\/h3>\n<p>O fio \u00e9 uma linha com estrutura dupla que cont\u00e9m grampos de poli\u00e9ster como n\u00facleo central cobertos com algod\u00e3o. Este material inovador tem uma textura agrad\u00e1vel para a pele e, ao mesmo tempo, apresenta um n\u00facleo central forte e \u00fanico. O Snap que este Karategui proporciona \u00e9 inigual\u00e1vel.<\/p>\n<p>\u00c9 um Karategui de peso pesado, composto por uma mistura de poli\u00e9ster e algod\u00e3o. Adequado para movimentos din\u00e2micos.<\/p>\n<p>O tecido \u00e9 excepcionalmente firme. Mant\u00e9m a sua forma com um sistema de costura especial que, por sua vez, absorve o suor nas costas.<\/p>\n<p>O grau de encolhimento do comprimento do casaco \u00e9 de 2 cm. Refer\u00eancia de peso NW-3: 1,5 kg \/ tamanho 4 (casaco e cal\u00e7as)<\/p>\n<h3>Homologado pela WKF para o per\u00edodo de 2025 a 2029<\/h3>\n<p>Os Karateguis Shureido renovaram a certifica\u00e7\u00e3o \u201cWKF Approved\u201d para o per\u00edodo de 2025 a 2029. A utiliza\u00e7\u00e3o de Karateguis com licen\u00e7a da WKF ser\u00e1 obrigat\u00f3ria em todos os eventos oficiais da WKF e n\u00e3o poder\u00e1 ser recusada em qualquer competi\u00e7\u00e3o ou atividade organizada pelas federa\u00e7\u00f5es nacionais membros da WKF, de acordo com os regulamentos da WKF.  <a href=\"https:\/\/hajimekarate.com\/wp-content\/uploads\/2024\/12\/PHOTO-2024-12-04-16-12-42.jpg\" target=\"_blank\" rel=\"noopener\">Ver certificado.<\/a><\/p>\n<p>&nbsp;<\/p>\n","protected":false},"excerpt":{"rendered":"<p>Casaco do Karategui Shureido para Kata New Wave 3 \u2013 WKF Approved 2025 &#8211; 2029.<br \/>\nO log\u00f3tipo Shureido vem bordado no peito, na nuca e nos ombros.<br \/>\n<strong>Homologado pela Federa\u00e7\u00e3o Mundial de Karat\u00e9 (WKF). <a href=\"https:\/\/hajimekarate.com\/wp-content\/uploads\/2024\/12\/PHOTO-2024-12-04-16-12-42.jpg\" target=\"_blank\" rel=\"noopener\">Ver certificado<\/a><\/strong><\/p>\n<p style=\"color: #e7110b;\"><strong>NOTA<br \/>\n<\/strong><span style=\"color: #333333;\">Todas as pe\u00e7as de vestu\u00e1rio Shureido t\u00eam um corante azulado muito suave para proteger o Karategui e para o tornar mais branco durante mais tempo. \u00c9 por isso que os modelos da Shureido t\u00eam um branco espetacular, chamativo e \u00fanico. Este tingimento ir\u00e1 desvanecer-se a cada lavagem e o branco ir\u00e1 corresponder ao de outras pe\u00e7as de vestu\u00e1rio novas.<\/span><\/p>\n","protected":false},"featured_media":33683,"template":"","meta":{"_joinchat":[]},"product_brand":[],"product_cat":[2911,2912,3134,337,339,2401,3138,334,340,342],"product_tag":[3334,3146,2622],"class_list":{"0":"post-36579","1":"product","2":"type-product","3":"status-publish","4":"has-post-thumbnail","6":"product_cat-equipamento-de-karate-personalizado","7":"product_cat-shureido-casaco-a-medida","8":"product_cat-karate-competicao","9":"product_cat-karateguis-shureido","10":"product_cat-karateguis-wkf","11":"product_cat-kata-concurso","12":"product_cat-shureido-competicao","13":"product_cat-karateguis","14":"product_cat-marcas","15":"product_cat-shureido","16":"product_tag-blackfriday-club-15-pt","17":"product_tag-blackfriday-pt","18":"product_tag-club-10-pt","20":"first","21":"instock","22":"taxable","23":"shipping-taxable","24":"purchasable","25":"product-type-variable","26":"has-default-attributes"},"_links":{"self":[{"href":"https:\/\/hajimekarate.com\/pt-pt\/wp-json\/wp\/v2\/product\/36579","targetHints":{"allow":["GET"]}}],"collection":[{"href":"https:\/\/hajimekarate.com\/pt-pt\/wp-json\/wp\/v2\/product"}],"about":[{"href":"https:\/\/hajimekarate.com\/pt-pt\/wp-json\/wp\/v2\/types\/product"}],"wp:featuredmedia":[{"embeddable":true,"href":"https:\/\/hajimekarate.com\/pt-pt\/wp-json\/wp\/v2\/media\/33683"}],"wp:attachment":[{"href":"https:\/\/hajimekarate.com\/pt-pt\/wp-json\/wp\/v2\/media?parent=36579"}],"wp:term":[{"taxonomy":"product_brand","embeddable":true,"href":"https:\/\/hajimekarate.com\/pt-pt\/wp-json\/wp\/v2\/product_brand?post=36579"},{"taxonomy":"product_cat","embeddable":true,"href":"https:\/\/hajimekarate.com\/pt-pt\/wp-json\/wp\/v2\/product_cat?post=36579"},{"taxonomy":"product_tag","embeddable":true,"href":"https:\/\/hajimekarate.com\/pt-pt\/wp-json\/wp\/v2\/product_tag?post=36579"}],"curies":[{"name":"wp","href":"https:\/\/api.w.org\/{rel}","templated":true}]}}

<p>O Karategui Shureido New Wave 3 WKF é o fato mais popular nas competições de Kata. É utilizado pelos Karatecas e equipas do mais alto nível no ranking de Kata. Equipas do Japão, Turquia ou Hong Kong não hesitam em competir com este Karategui incomparável. O seu efeito SNAP é inigualável e o mesmo acontece com a sua presença. O Karategui realça a potência do Karateca e a precisão dos seus movimentos com cada som, em cada posição. A aba fica à altura certa e permanece esticada atrás sem cair. As mangas são pré-cortadas à medida que a WKF indica para as competições, ajustadas a um padrão por tamanho. O mesmo corte do Karategui está mais ajustado ao corpo do Karateka, mais adaptado.</p>
<h3>Que características especiais tem o tecido do New Wave 3?</h3>
<p>O fio é uma linha com estrutura dupla que contém grampos de poliéster como núcleo central cobertos com algodão. Este material inovador tem uma textura agradável para a pele e, ao mesmo tempo, apresenta um núcleo central forte e único. O Snap que este Karategui proporciona é inigualável.</p>
<p>É um Karategui de peso pesado, composto por uma mistura de poliéster e algodão. Adequado para movimentos dinâmicos.</p>
<p>O tecido é excepcionalmente firme. Mantém a sua forma com um sistema de costura especial que, por sua vez, absorve o suor nas costas.</p>
<p>O grau de encolhimento do comprimento do casaco é de 2 cm. Referência de peso NW-3: 1,5 kg / tamanho 4 (casaco e calças)</p>
<h3>Homologado pela WKF para o período de 2025 a 2029</h3>
<p>Os Karateguis Shureido renovaram a certificação “WKF Approved” para o período de 2025 a 2029. A utilização de Karateguis com licença da WKF será obrigatória em todos os eventos oficiais da WKF e não poderá ser recusada em qualquer competição ou atividade organizada pelas federações nacionais membros da WKF, de acordo com os regulamentos da WKF.  <a href="https://hajimekarate.com/wp-content/uploads/2024/12/PHOTO-2024-12-04-16-12-42.jpg" target="_blank" rel="noopener">Ver certificado.</a></p>
<p>&nbsp;</p>

<p>Casaco do Karategui Shureido para Kata New Wave 3 – WKF Approved 2025 &#8211; 2029.<br />
O logótipo Shureido vem bordado no peito, na nuca e nos ombros.<br />
<strong>Homologado pela Federação Mundial de Karaté (WKF). <a href="https://hajimekarate.com/wp-content/uploads/2024/12/PHOTO-2024-12-04-16-12-42.jpg" target="_blank" rel="noopener">Ver certificado</a></strong></p>
<p style="color: #e7110b;"><strong>NOTA<br />
</strong><span style="color: #333333;">Todas as peças de vestuário Shureido têm um corante azulado muito suave para proteger o Karategui e para o tornar mais branco durante mais tempo. É por isso que os modelos da Shureido têm um branco espetacular, chamativo e único. Este tingimento irá desvanecer-se a cada lavagem e o branco irá corresponder ao de outras peças de vestuário novas.</span></p>
