{"id":30151,"date":"2021-11-08T14:50:02","date_gmt":"2021-11-08T13:59:12","guid":{"rendered":"https:\/\/hajimekarate.com\/?post_type=product&#038;p=30151"},"modified":"2024-11-26T18:15:49","modified_gmt":"2024-11-26T17:15:49","slug":"antebracos-kaiten-rfek","status":"publish","type":"product","link":"https:\/\/hajimekarate.com\/pt-pt\/comprar\/antebracos-kaiten-rfek\/","title":{"rendered":"Prote\u00e7\u00f5es de Antebra\u00e7os Kaiten Homologadas RFEK"},"content":{"rendered":"[vc_row type=&#8221;in_container&#8221; full_screen_row_position=&#8221;middle&#8221; column_margin=&#8221;default&#8221; column_direction=&#8221;default&#8221; column_direction_tablet=&#8221;default&#8221; column_direction_phone=&#8221;default&#8221; scene_position=&#8221;center&#8221; text_color=&#8221;dark&#8221; text_align=&#8221;left&#8221; row_border_radius=&#8221;none&#8221; row_border_radius_applies=&#8221;bg&#8221; overflow=&#8221;visible&#8221; overlay_strength=&#8221;0.3&#8243; gradient_direction=&#8221;left_to_right&#8221; shape_divider_position=&#8221;bottom&#8221; bg_image_animation=&#8221;none&#8221;][vc_column column_padding=&#8221;no-extra-padding&#8221; column_padding_tablet=&#8221;inherit&#8221; column_padding_phone=&#8221;inherit&#8221; column_padding_position=&#8221;all&#8221; column_element_spacing=&#8221;default&#8221; background_color_opacity=&#8221;1&#8243; background_hover_color_opacity=&#8221;1&#8243; column_shadow=&#8221;none&#8221; column_border_radius=&#8221;none&#8221; column_link_target=&#8221;_self&#8221; column_position=&#8221;default&#8221; gradient_direction=&#8221;left_to_right&#8221; overlay_strength=&#8221;0.3&#8243; width=&#8221;1\/1&#8243; tablet_width_inherit=&#8221;default&#8221; tablet_text_alignment=&#8221;default&#8221; phone_text_alignment=&#8221;default&#8221; animation_type=&#8221;default&#8221; bg_image_animation=&#8221;none&#8221; border_type=&#8221;simple&#8221; column_border_width=&#8221;none&#8221; column_border_style=&#8221;solid&#8221;][vc_column_text]Dimens\u00f5es das prote\u00e7\u00f5es por tamanho:<\/p>\n<p>S: 12 cm de comprimento M: 14 cm de comprimento L: 17 cm de comprimento<\/p>\n<p>Prote\u00e7\u00f5es de antebra\u00e7o homologadas pela RFEK. De uso obrigat\u00f3rio para competi\u00e7\u00f5es Espanholas nas categorias infantis, mas, tamb\u00e9m, ideais para treino. Os produtos com o selo de homologa\u00e7\u00e3o da Real Federa\u00e7\u00e3o Espanhola de Karat\u00e9 e DA garantem a qualidade e seguran\u00e7a necess\u00e1rias para a pr\u00e1tica desportiva. O produto homologado pela RFEK e DA leva o seguinte selo de homologa\u00e7\u00e3o:<\/p>\n<p><img loading=\"lazy\" decoding=\"async\" class=\"aligncenter\" title=\"homologado\" src=\"http:\/\/www.rfek.es\/images\/stories\/homologado\/HOMOLOGADO-RFEK.png\" alt=\"homologado\" width=\"129\" height=\"129\">[\/vc_column_text][\/vc_column][\/vc_row]\n","protected":false},"excerpt":{"rendered":"<p>Prote\u00e7\u00f5es de antebra\u00e7os, da Kaiten, para competi\u00e7\u00f5es de Karat\u00e9, homologadas pela Real Federa\u00e7\u00e3o Espanhola de Karat\u00e9 (RFEK). Com o novo log\u00f3tipo da RFEK. De uso obrigat\u00f3rio para competi\u00e7\u00f5es Espanholas nas categorias infantis, mas, tamb\u00e9m, ideais para treino.<\/p>\n","protected":false},"featured_media":34705,"template":"","meta":{"_joinchat":[]},"product_brand":[],"product_cat":[2399,344,341,343],"product_tag":[2627],"class_list":{"0":"post-30151","1":"product","2":"type-product","3":"status-publish","4":"has-post-thumbnail","6":"product_cat-kumite-concurso","7":"product_cat-homologadas-rfek","8":"product_cat-kaiten","9":"product_cat-protecoes-pt","10":"product_tag-club-15-pt","12":"first","13":"instock","14":"featured","15":"taxable","16":"shipping-taxable","17":"purchasable","18":"product-type-variable"},"_links":{"self":[{"href":"https:\/\/hajimekarate.com\/pt-pt\/wp-json\/wp\/v2\/product\/30151","targetHints":{"allow":["GET"]}}],"collection":[{"href":"https:\/\/hajimekarate.com\/pt-pt\/wp-json\/wp\/v2\/product"}],"about":[{"href":"https:\/\/hajimekarate.com\/pt-pt\/wp-json\/wp\/v2\/types\/product"}],"wp:featuredmedia":[{"embeddable":true,"href":"https:\/\/hajimekarate.com\/pt-pt\/wp-json\/wp\/v2\/media\/34705"}],"wp:attachment":[{"href":"https:\/\/hajimekarate.com\/pt-pt\/wp-json\/wp\/v2\/media?parent=30151"}],"wp:term":[{"taxonomy":"product_brand","embeddable":true,"href":"https:\/\/hajimekarate.com\/pt-pt\/wp-json\/wp\/v2\/product_brand?post=30151"},{"taxonomy":"product_cat","embeddable":true,"href":"https:\/\/hajimekarate.com\/pt-pt\/wp-json\/wp\/v2\/product_cat?post=30151"},{"taxonomy":"product_tag","embeddable":true,"href":"https:\/\/hajimekarate.com\/pt-pt\/wp-json\/wp\/v2\/product_tag?post=30151"}],"curies":[{"name":"wp","href":"https:\/\/api.w.org\/{rel}","templated":true}]}}

Proteções de Antebraços Kaiten Homologadas RFEK

[vc_row type=&#8221;in_container&#8221; full_screen_row_position=&#8221;middle&#8221; column_margin=&#8221;default&#8221; column_direction=&#8221;default&#8221; column_direction_tablet=&#8221;default&#8221; column_direction_phone=&#8221;default&#8221; scene_position=&#8221;center&#8221; text_color=&#8221;dark&#8221; text_align=&#8221;left&#8221; row_border_radius=&#8221;none&#8221; row_border_radius_applies=&#8221;bg&#8221; overflow=&#8221;visible&#8221; overlay_strength=&#8221;0.3&#8243; gradient_direction=&#8221;left_to_right&#8221; shape_divider_position=&#8221;bottom&#8221; bg_image_animation=&#8221;none&#8221;][vc_column column_padding=&#8221;no-extra-padding&#8221; column_padding_tablet=&#8221;inherit&#8221; column_padding_phone=&#8221;inherit&#8221; column_padding_position=&#8221;all&#8221; column_element_spacing=&#8221;default&#8221; background_color_opacity=&#8221;1&#8243; background_hover_color_opacity=&#8221;1&#8243; column_shadow=&#8221;none&#8221; column_border_radius=&#8221;none&#8221; column_link_target=&#8221;_self&#8221; column_position=&#8221;default&#8221; gradient_direction=&#8221;left_to_right&#8221; overlay_strength=&#8221;0.3&#8243; width=&#8221;1/1&#8243; tablet_width_inherit=&#8221;default&#8221; tablet_text_alignment=&#8221;default&#8221; phone_text_alignment=&#8221;default&#8221; animation_type=&#8221;default&#8221; bg_image_animation=&#8221;none&#8221; border_type=&#8221;simple&#8221; column_border_width=&#8221;none&#8221; column_border_style=&#8221;solid&#8221;][vc_column_text]Dimensões das proteções por tamanho:</p>
<p>S: 12 cm de comprimento M: 14 cm de comprimento L: 17 cm de comprimento</p>
<p>Proteções de antebraço homologadas pela RFEK. De uso obrigatório para competições Espanholas nas categorias infantis, mas, também, ideais para treino. Os produtos com o selo de homologação da Real Federação Espanhola de Karaté e DA garantem a qualidade e segurança necessárias para a prática desportiva. O produto homologado pela RFEK e DA leva o seguinte selo de homologação:</p>
<p><img loading="lazy" decoding="async" class="aligncenter" title="homologado" src="http://www.rfek.es/images/stories/homologado/HOMOLOGADO-RFEK.png" alt="homologado" width="129" height="129">[/vc_column_text][/vc_column][/vc_row]

<p>Proteções de antebraços, da Kaiten, para competições de Karaté, homologadas pela Real Federação Espanhola de Karaté (RFEK). Com o novo logótipo da RFEK. De uso obrigatório para competições Espanholas nas categorias infantis, mas, também, ideais para treino.</p>
