{"id":29873,"date":"2021-10-29T11:56:01","date_gmt":"2021-10-29T09:56:01","guid":{"rendered":"https:\/\/hajimekarate.com\/comprar\/casco-daedo-rfek\/"},"modified":"2025-10-23T10:10:10","modified_gmt":"2025-10-23T08:10:10","slug":"casco-daedo-rfek","status":"publish","type":"product","link":"https:\/\/hajimekarate.com\/pt-pt\/comprar\/casco-daedo-rfek\/","title":{"rendered":"Capacete Daedo Homologado RFEK"},"content":{"rendered":"[vc_row type=&#8221;in_container&#8221; full_screen_row_position=&#8221;middle&#8221; column_margin=&#8221;default&#8221; column_direction=&#8221;default&#8221; column_direction_tablet=&#8221;default&#8221; column_direction_phone=&#8221;default&#8221; scene_position=&#8221;center&#8221; text_color=&#8221;dark&#8221; text_align=&#8221;left&#8221; row_border_radius=&#8221;none&#8221; row_border_radius_applies=&#8221;bg&#8221; overlay_strength=&#8221;0.3&#8243; gradient_direction=&#8221;left_to_right&#8221; shape_divider_position=&#8221;bottom&#8221; bg_image_animation=&#8221;none&#8221;][vc_column column_padding=&#8221;no-extra-padding&#8221; column_padding_tablet=&#8221;inherit&#8221; column_padding_phone=&#8221;inherit&#8221; column_padding_position=&#8221;all&#8221; column_element_spacing=&#8221;default&#8221; background_color_opacity=&#8221;1&#8243; background_hover_color_opacity=&#8221;1&#8243; column_shadow=&#8221;none&#8221; column_border_radius=&#8221;none&#8221; column_link_target=&#8221;_self&#8221; gradient_direction=&#8221;left_to_right&#8221; overlay_strength=&#8221;0.3&#8243; width=&#8221;1\/1&#8243; tablet_width_inherit=&#8221;default&#8221; tablet_text_alignment=&#8221;default&#8221; phone_text_alignment=&#8221;default&#8221; bg_image_animation=&#8221;none&#8221; border_type=&#8221;simple&#8221; column_border_width=&#8221;none&#8221; column_border_style=&#8221;solid&#8221;][vc_column_text]Capacete Daedo homologado pela Real Federa\u00e7\u00e3o Espanhola de Karat\u00e9 (RFEK) para prote\u00e7\u00e3o da cabe\u00e7a e do rosto.<\/p>\n<p>Composi\u00e7\u00e3o: Imers\u00e3o em verniz e pl\u00e1stico altamente resistente a fortes impactos.<\/p>\n<p>Tamanhos S \/ M \/ L \/XL<\/p>\n<h2>Manual de informa\u00e7\u00e3o para o Capacete de Karat\u00e9 com viseira transparente.<\/h2>\n<h3>Instru\u00e7\u00f5es de limpeza e manuten\u00e7\u00e3o.<\/h3>\n<p>Limpar com um pano h\u00famido com uma solu\u00e7\u00e3o de \u00e1gua e detergente sem \u00e1lcool.<br \/>\nGuardar num local seco e bem arejado.<br \/>\nTentar guardar numa posi\u00e7\u00e3o plana.<\/p>\n<p>Este capacete de karat\u00e9 n\u00e3o pode proporcionar uma prote\u00e7\u00e3o absoluta contra ferimentos.<br \/>\nA exposi\u00e7\u00e3o do protetor \u00e0 luz solar direta ou a uma temperatura superior a 40\u00b0C durante horas seguidas pode afetar o seu desempenho normal.<br \/>\nDeve evitar-se a contamina\u00e7\u00e3o com produtos t\u00f3xicos (solventes, \u00e1cidos, etc.).<\/p>\n<h3>Como saber quando a prote\u00e7\u00e3o deixa de ser eficaz.<\/h3>\n<p>As prote\u00e7\u00f5es, como muitos outros produtos, est\u00e3o sujeitas ao envelhecimento e desgaste e acabam por deixar de ser t\u00e3o eficientes como quando s\u00e3o novos. Quando o protetor chegar a este ponto , deve observar:<br \/>\nSe as cordas e os an\u00e9is se desgastaram e j\u00e1 n\u00e3o est\u00e3o seguros.<br \/>\nSe o material da superf\u00edcie come\u00e7ar a descascar.<br \/>\nNesta altura , aconselhamos a substitui\u00e7\u00e3o do protetor.<\/p>\n<p>Este produto \u00e9 um capacete utilizado em competi\u00e7\u00f5es e treinos. Previne ou reduz qualquer les\u00e3o que o teu advers\u00e1rio te possa infligir. No entanto, lembra-te sempre que este tipo de prote\u00e7\u00f5es n\u00e3o garantem uma prote\u00e7\u00e3o absoluta contra les\u00f5es.<\/p>\n<p>Recomenda-se que este produto seja utilizado em conjunto com protetor de peito, caneleiras e prote\u00e7\u00f5es de antebra\u00e7o marcadas CE e que cumpram com a norma EN 13277.<\/p>\n<h3>Como escolheres o tamanho certo?<\/h3>\n<p>Por favor, como refer\u00eancia utiliza o desenho e a tabela abaixo, na continua\u00e7\u00e3o:<\/p>\n<p><img loading=\"lazy\" decoding=\"async\" class=\"aligncenter wp-image-30229 size-full\" src=\"https:\/\/hajimekarate.com\/wp-content\/uploads\/2021\/10\/casco-karate-medidas-ok.jpg\" alt=\"\" width=\"511\" height=\"265\" srcset=\"https:\/\/hajimekarate.com\/wp-content\/uploads\/2021\/10\/casco-karate-medidas-ok.jpg 511w, https:\/\/hajimekarate.com\/wp-content\/uploads\/2021\/10\/casco-karate-medidas-ok-300x156.jpg 300w\" sizes=\"auto, (max-width: 511px) 100vw, 511px\" \/><\/p>\n<p>&#8211; A medida A mede-se desde as sobrancelhas at\u00e9 \u00e0 base occipital.<br \/>\n&#8211; A medida B \u00e9 o per\u00edmetro da tua cabe\u00e7a medindo acima das tuas orelhas.<br \/>\n&#8211; A medida C \u00e9 o per\u00edmetro da tua cabe\u00e7a medindo da parte superior (coroa), passando \u00e0 frente da linha das orelhas e por baixo do maxilar inferior.<\/p>\n<p>Depois de teres escolhido, deves experimentar o capacete, prendendo-o com o velcro por baixo do queixo, mas N\u00c3O DEVE interferir com a tua respira\u00e7\u00e3o ou vis\u00e3o normal durante a utiliza\u00e7\u00e3o. Deves certificar-te de que o protetor n\u00e3o est\u00e1 solto, mas tamb\u00e9m n\u00e3o deve exercer qualquer press\u00e3o sobre a tua cabe\u00e7a.[\/vc_column_text][\/vc_column][\/vc_row]\n","protected":false},"excerpt":{"rendered":"<p>Capacete Daedo homologado pela Real Federa\u00e7\u00e3o Espanhola de Karat\u00e9 (RFEK) para prote\u00e7\u00e3o da cabe\u00e7a e do rosto.<\/p>\n<p>Se n\u00e3o encontrar o seu tamanho, consulte tamb\u00e9m o <a href=\"https:\/\/hajimekarate.com\/pt-pt\/comprar\/capacete-daedo-homologado-wkf\/\" target=\"_blank\" rel=\"noopener\">capacete DAEDO WKF<\/a>.<\/p>\n","protected":false},"featured_media":29864,"template":"","meta":{"_joinchat":[]},"product_brand":[],"product_cat":[2399,344,343],"product_tag":[2627],"class_list":{"0":"post-29873","1":"product","2":"type-product","3":"status-publish","4":"has-post-thumbnail","6":"product_cat-kumite-concurso","7":"product_cat-homologadas-rfek","8":"product_cat-protecoes-pt","9":"product_tag-club-15-pt","10":"product_shipping_class-tools_metal","12":"first","13":"instock","14":"taxable","15":"shipping-taxable","16":"purchasable","17":"product-type-variable"},"_links":{"self":[{"href":"https:\/\/hajimekarate.com\/pt-pt\/wp-json\/wp\/v2\/product\/29873","targetHints":{"allow":["GET"]}}],"collection":[{"href":"https:\/\/hajimekarate.com\/pt-pt\/wp-json\/wp\/v2\/product"}],"about":[{"href":"https:\/\/hajimekarate.com\/pt-pt\/wp-json\/wp\/v2\/types\/product"}],"wp:featuredmedia":[{"embeddable":true,"href":"https:\/\/hajimekarate.com\/pt-pt\/wp-json\/wp\/v2\/media\/29864"}],"wp:attachment":[{"href":"https:\/\/hajimekarate.com\/pt-pt\/wp-json\/wp\/v2\/media?parent=29873"}],"wp:term":[{"taxonomy":"product_brand","embeddable":true,"href":"https:\/\/hajimekarate.com\/pt-pt\/wp-json\/wp\/v2\/product_brand?post=29873"},{"taxonomy":"product_cat","embeddable":true,"href":"https:\/\/hajimekarate.com\/pt-pt\/wp-json\/wp\/v2\/product_cat?post=29873"},{"taxonomy":"product_tag","embeddable":true,"href":"https:\/\/hajimekarate.com\/pt-pt\/wp-json\/wp\/v2\/product_tag?post=29873"}],"curies":[{"name":"wp","href":"https:\/\/api.w.org\/{rel}","templated":true}]}}

[vc_row type=&#8221;in_container&#8221; full_screen_row_position=&#8221;middle&#8221; column_margin=&#8221;default&#8221; column_direction=&#8221;default&#8221; column_direction_tablet=&#8221;default&#8221; column_direction_phone=&#8221;default&#8221; scene_position=&#8221;center&#8221; text_color=&#8221;dark&#8221; text_align=&#8221;left&#8221; row_border_radius=&#8221;none&#8221; row_border_radius_applies=&#8221;bg&#8221; overlay_strength=&#8221;0.3&#8243; gradient_direction=&#8221;left_to_right&#8221; shape_divider_position=&#8221;bottom&#8221; bg_image_animation=&#8221;none&#8221;][vc_column column_padding=&#8221;no-extra-padding&#8221; column_padding_tablet=&#8221;inherit&#8221; column_padding_phone=&#8221;inherit&#8221; column_padding_position=&#8221;all&#8221; column_element_spacing=&#8221;default&#8221; background_color_opacity=&#8221;1&#8243; background_hover_color_opacity=&#8221;1&#8243; column_shadow=&#8221;none&#8221; column_border_radius=&#8221;none&#8221; column_link_target=&#8221;_self&#8221; gradient_direction=&#8221;left_to_right&#8221; overlay_strength=&#8221;0.3&#8243; width=&#8221;1/1&#8243; tablet_width_inherit=&#8221;default&#8221; tablet_text_alignment=&#8221;default&#8221; phone_text_alignment=&#8221;default&#8221; bg_image_animation=&#8221;none&#8221; border_type=&#8221;simple&#8221; column_border_width=&#8221;none&#8221; column_border_style=&#8221;solid&#8221;][vc_column_text]Capacete Daedo homologado pela Real Federação Espanhola de Karaté (RFEK) para proteção da cabeça e do rosto.</p>
<p>Composição: Imersão em verniz e plástico altamente resistente a fortes impactos.</p>
<p>Tamanhos S / M / L /XL</p>
<h2>Manual de informação para o Capacete de Karaté com viseira transparente.</h2>
<h3>Instruções de limpeza e manutenção.</h3>
<p>Limpar com um pano húmido com uma solução de água e detergente sem álcool.<br />
Guardar num local seco e bem arejado.<br />
Tentar guardar numa posição plana.</p>
<p>Este capacete de karaté não pode proporcionar uma proteção absoluta contra ferimentos.<br />
A exposição do protetor à luz solar direta ou a uma temperatura superior a 40°C durante horas seguidas pode afetar o seu desempenho normal.<br />
Deve evitar-se a contaminação com produtos tóxicos (solventes, ácidos, etc.).</p>
<h3>Como saber quando a proteção deixa de ser eficaz.</h3>
<p>As proteções, como muitos outros produtos, estão sujeitas ao envelhecimento e desgaste e acabam por deixar de ser tão eficientes como quando são novos. Quando o protetor chegar a este ponto , deve observar:<br />
Se as cordas e os anéis se desgastaram e já não estão seguros.<br />
Se o material da superfície começar a descascar.<br />
Nesta altura , aconselhamos a substituição do protetor.</p>
<p>Este produto é um capacete utilizado em competições e treinos. Previne ou reduz qualquer lesão que o teu adversário te possa infligir. No entanto, lembra-te sempre que este tipo de proteções não garantem uma proteção absoluta contra lesões.</p>
<p>Recomenda-se que este produto seja utilizado em conjunto com protetor de peito, caneleiras e proteções de antebraço marcadas CE e que cumpram com a norma EN 13277.</p>
<h3>Como escolheres o tamanho certo?</h3>
<p>Por favor, como referência utiliza o desenho e a tabela abaixo, na continuação:</p>
<p><img loading="lazy" decoding="async" class="aligncenter wp-image-30229 size-full" src="https://hajimekarate.com/wp-content/uploads/2021/10/casco-karate-medidas-ok.jpg" alt="" width="511" height="265" srcset="https://hajimekarate.com/wp-content/uploads/2021/10/casco-karate-medidas-ok.jpg 511w, https://hajimekarate.com/wp-content/uploads/2021/10/casco-karate-medidas-ok-300x156.jpg 300w" sizes="auto, (max-width: 511px) 100vw, 511px" /></p>
<p>&#8211; A medida A mede-se desde as sobrancelhas até à base occipital.<br />
&#8211; A medida B é o perímetro da tua cabeça medindo acima das tuas orelhas.<br />
&#8211; A medida C é o perímetro da tua cabeça medindo da parte superior (coroa), passando à frente da linha das orelhas e por baixo do maxilar inferior.</p>
<p>Depois de teres escolhido, deves experimentar o capacete, prendendo-o com o velcro por baixo do queixo, mas NÃO DEVE interferir com a tua respiração ou visão normal durante a utilização. Deves certificar-te de que o protetor não está solto, mas também não deve exercer qualquer pressão sobre a tua cabeça.[/vc_column_text][/vc_column][/vc_row]

<p>Capacete Daedo homologado pela Real Federação Espanhola de Karaté (RFEK) para proteção da cabeça e do rosto.</p>
<p>Se não encontrar o seu tamanho, consulte também o <a href="https://hajimekarate.com/pt-pt/comprar/capacete-daedo-homologado-wkf/" target="_blank" rel="noopener">capacete DAEDO WKF</a>.</p>
