{"id":53449,"date":"2023-04-13T14:57:21","date_gmt":"2023-04-13T12:57:21","guid":{"rendered":"https:\/\/hajimekarate.com\/comprar\/casco-daedo-wkf\/"},"modified":"2026-03-06T12:48:36","modified_gmt":"2026-03-06T11:48:36","slug":"casco-daedo-wkf","status":"publish","type":"product","link":"https:\/\/hajimekarate.com\/it\/acquistare\/casco-daedo-wkf\/","title":{"rendered":"Casco Daedo WKF"},"content":{"rendered":"<p>Casco Daedo approvato dalla World Karate Federation (WKF) per la protezione della testa e del viso.<\/p>\n<p>Composizione: Vernice ad immersione e plastica ad alta resistenza agli urti.<\/p>\n<p>Taglie S \/ M \/ L \/XL<\/p>\n<h2>Manuale informativo per casco da karate con maschera trasparente.<\/h2>\n<h3>Istruzioni per la pulizia e la manutenzione.<\/h3>\n<p>Pulire con un panno umido con una soluzione di acqua e detergente senza alcool.<br \/>\nConservare in un luogo asciutto e ben ventilato.<br \/>\nCercare di conservare in piano.<\/p>\n<p>Questo casco da karate non pu\u00f2 garantire una protezione assoluta contro le lesioni. L&#8217;esposizione del protettore alla luce solare diretta o a una temperatura superiore a 40\u00b0C per ore pu\u00f2 comprometterne le normali prestazioni. \u00c8 necessario evitare la contaminazione con prodotti tossici (solventi, acidi, ecc.).<\/p>\n<h3>Come capire quando il protettore non \u00e8 pi\u00f9 efficace.<\/h3>\n<p>Le protezioni, come molti altri prodotti, sono soggette a invecchiamento e usura e finiscono per non essere pi\u00f9 efficienti come quando sono nuove. Quando il vostro protettore \u00e8 arrivato a questo punto , dovete osservare:<br \/>\nSe le corde e gli anelli si sono consumati e non sono pi\u00f9 sicuri.<\/p>\n<p>Se il materiale di superficie inizia a scrostarsi, vi consigliamo di sostituire il vostro protettore.<\/p>\n<p>Questo prodotto \u00e8 un casco utilizzato nelle competizioni e negli allenamenti. Impedisce o riduce i danni che l&#8217;avversario pu\u00f2 infliggervi. Tuttavia, ricordate sempre che questo tipo di protezione non pu\u00f2 offrire una protezione assoluta contro le lesioni.<\/p>\n<p>Si raccomanda di utilizzare questo prodotto insieme a protezioni per pettorali, tibie e avambracci con marchio CE, conformi alla norma EN 13277.<\/p>\n<h3>Come scegliere la taglia giusta?<\/h3>\n<p>Utilizzare il disegno e la tabella di seguito come riferimento:<\/p>\n<p><img loading=\"lazy\" decoding=\"async\" class=\"aligncenter wp-image-30229 size-full\" src=\"https:\/\/hajimekarate.com\/wp-content\/uploads\/2021\/10\/casco-karate-medidas-ok.jpg\" alt=\"\" width=\"511\" height=\"265\" srcset=\"https:\/\/hajimekarate.com\/wp-content\/uploads\/2021\/10\/casco-karate-medidas-ok.jpg 511w, https:\/\/hajimekarate.com\/wp-content\/uploads\/2021\/10\/casco-karate-medidas-ok-300x156.jpg 300w\" sizes=\"auto, (max-width: 511px) 100vw, 511px\" \/><\/p>\n<p>-La misura A si misura dalle sopracciglia alla parte superiore del collo.<br \/>\n-La misura B \u00e8 la circonferenza della testa sopra le orecchie.<br \/>\n-La misura C \u00e8 la circonferenza della testa dalla sommit\u00e0 del capo al mento, passando davanti alle orecchie.<\/p>\n<p>Dopo averlo scelto, \u00e8 necessario provarlo e fissarlo con il velcro sotto il mento, ma non deve disturbare la respirazione o la normale visione durante l&#8217;uso. \u00c8 necessario assicurarsi che la protezione non sia allentata, ma che non eserciti alcuna pressione sulla testa.<\/p>\n","protected":false},"excerpt":{"rendered":"<p>Casco con maschera trasparente, approvato dalla World Karate Federation &#8211; WKF. Una protezione confortevole e resistente di colore bianco che potrete utilizzare sia per l&#8217;allenamento quotidiano che per le competizioni in tutto il mondo grazie al marchio di qualit\u00e0 WKF.<span style=\"color: red;\"><br \/>\n<\/span><\/p>\n","protected":false},"featured_media":53433,"template":"","meta":{"_joinchat":[]},"product_brand":[],"product_cat":[2651,2686,2714,2711],"product_tag":[2738],"class_list":{"0":"post-53449","1":"product","2":"type-product","3":"status-publish","4":"has-post-thumbnail","6":"product_cat-competizione-di-kumite","7":"product_cat-protezioni","8":"product_cat-protezioni-obbligatorie-kumite","9":"product_cat-approvato-dalla-wkf","10":"product_tag-club-12-it","12":"first","13":"instock","14":"taxable","15":"shipping-taxable","16":"purchasable","17":"product-type-variable"},"_links":{"self":[{"href":"https:\/\/hajimekarate.com\/it\/wp-json\/wp\/v2\/product\/53449","targetHints":{"allow":["GET"]}}],"collection":[{"href":"https:\/\/hajimekarate.com\/it\/wp-json\/wp\/v2\/product"}],"about":[{"href":"https:\/\/hajimekarate.com\/it\/wp-json\/wp\/v2\/types\/product"}],"wp:featuredmedia":[{"embeddable":true,"href":"https:\/\/hajimekarate.com\/it\/wp-json\/wp\/v2\/media\/53433"}],"wp:attachment":[{"href":"https:\/\/hajimekarate.com\/it\/wp-json\/wp\/v2\/media?parent=53449"}],"wp:term":[{"taxonomy":"product_brand","embeddable":true,"href":"https:\/\/hajimekarate.com\/it\/wp-json\/wp\/v2\/product_brand?post=53449"},{"taxonomy":"product_cat","embeddable":true,"href":"https:\/\/hajimekarate.com\/it\/wp-json\/wp\/v2\/product_cat?post=53449"},{"taxonomy":"product_tag","embeddable":true,"href":"https:\/\/hajimekarate.com\/it\/wp-json\/wp\/v2\/product_tag?post=53449"}],"curies":[{"name":"wp","href":"https:\/\/api.w.org\/{rel}","templated":true}]}}

<p>Casco Daedo approvato dalla World Karate Federation (WKF) per la protezione della testa e del viso.</p>
<p>Composizione: Vernice ad immersione e plastica ad alta resistenza agli urti.</p>
<p>Taglie S / M / L /XL</p>
<h2>Manuale informativo per casco da karate con maschera trasparente.</h2>
<h3>Istruzioni per la pulizia e la manutenzione.</h3>
<p>Pulire con un panno umido con una soluzione di acqua e detergente senza alcool.<br />
Conservare in un luogo asciutto e ben ventilato.<br />
Cercare di conservare in piano.</p>
<p>Questo casco da karate non può garantire una protezione assoluta contro le lesioni. L&#8217;esposizione del protettore alla luce solare diretta o a una temperatura superiore a 40°C per ore può comprometterne le normali prestazioni. È necessario evitare la contaminazione con prodotti tossici (solventi, acidi, ecc.).</p>
<h3>Come capire quando il protettore non è più efficace.</h3>
<p>Le protezioni, come molti altri prodotti, sono soggette a invecchiamento e usura e finiscono per non essere più efficienti come quando sono nuove. Quando il vostro protettore è arrivato a questo punto , dovete osservare:<br />
Se le corde e gli anelli si sono consumati e non sono più sicuri.</p>
<p>Se il materiale di superficie inizia a scrostarsi, vi consigliamo di sostituire il vostro protettore.</p>
<p>Questo prodotto è un casco utilizzato nelle competizioni e negli allenamenti. Impedisce o riduce i danni che l&#8217;avversario può infliggervi. Tuttavia, ricordate sempre che questo tipo di protezione non può offrire una protezione assoluta contro le lesioni.</p>
<p>Si raccomanda di utilizzare questo prodotto insieme a protezioni per pettorali, tibie e avambracci con marchio CE, conformi alla norma EN 13277.</p>
<h3>Come scegliere la taglia giusta?</h3>
<p>Utilizzare il disegno e la tabella di seguito come riferimento:</p>
<p><img loading="lazy" decoding="async" class="aligncenter wp-image-30229 size-full" src="https://hajimekarate.com/wp-content/uploads/2021/10/casco-karate-medidas-ok.jpg" alt="" width="511" height="265" srcset="https://hajimekarate.com/wp-content/uploads/2021/10/casco-karate-medidas-ok.jpg 511w, https://hajimekarate.com/wp-content/uploads/2021/10/casco-karate-medidas-ok-300x156.jpg 300w" sizes="auto, (max-width: 511px) 100vw, 511px" /></p>
<p>-La misura A si misura dalle sopracciglia alla parte superiore del collo.<br />
-La misura B è la circonferenza della testa sopra le orecchie.<br />
-La misura C è la circonferenza della testa dalla sommità del capo al mento, passando davanti alle orecchie.</p>
<p>Dopo averlo scelto, è necessario provarlo e fissarlo con il velcro sotto il mento, ma non deve disturbare la respirazione o la normale visione durante l&#8217;uso. È necessario assicurarsi che la protezione non sia allentata, ma che non eserciti alcuna pressione sulla testa.</p>

<p>Casco con maschera trasparente, approvato dalla World Karate Federation &#8211; WKF. Una protezione confortevole e resistente di colore bianco che potrete utilizzare sia per l&#8217;allenamento quotidiano che per le competizioni in tutto il mondo grazie al marchio di qualità WKF.<span style="color: red;"><br />
</span></p>
